 first derivative of s(a). List the prime factors of y(-2).
2, 5
Let u = -45 + 48. Suppose 2*a - 203 = -u*p + a, 4*a = 8. What are the prime factors of p?
67
Suppose -196*p + 20100 = -171*p. List the prime factors of p.
2, 3, 67
Let w = 2319 + 2203. What are the prime factors of w?
2, 7, 17, 19
Let p(b) = -b**2 + 12*b + 33. Let y be p(14). Suppose -y + 3 = -a. Let o(i) = 16*i**2 - 1. List the prime factors of o(a).
3, 7
Suppose 0 = 4*f - 0*f + c + 24, -3*f - 9 = 3*c. Let o = f + 3. Let q(p) = 3*p**2 + 6*p + 2. List the prime factors of q(o).
2, 13
List the prime factors of (-2)/(-6 + 3 - 4334/(-1446)).
3, 241
Let f(w) = 177*w + 6. List the prime factors of f(7).
3, 5, 83
Let h = 2322 + -1328. Suppose 4*g + g - 2*a - h = 0, -2*a = -3*g + 598. List the prime factors of g.
2, 3, 11
Let d = -8 - -8. Suppose 3*q + 8 = 4*f, 2*q - 2*f - 10 = -3*q. Suppose -2*u + 4*x = -70, 3*u + q*x - 121 + 36 = d. List the prime factors of u.
31
Let b(m) = 3*m**3 - 18*m**2 - 5*m + 31. List the prime factors of b(7).
11, 13
Suppose -2*h = -5*r + 2*r + 184, 296 = 5*r + 2*h. What are the prime factors of 394/5 + (-48)/r?
2, 3, 13
Let n(q) = 24*q - 21*q + 26 + q**2 - 16 + 30. List the prime factors of n(0).
2, 5
Suppose 21*m - 106723 = -30703. List the prime factors of m.
2, 5, 181
Suppose -2*w - 82 = -5*z, -4*z - 2*w = -0*z - 80. Let v be 20/6*z/(-4). List the prime factors of (v/10)/((-1)/6).
3
Let k = -11 + 8. Let u(g) = -6*g**3 - 6*g**2 - 5*g - 7. List the prime factors of u(k).
2, 29
Let u(n) = -166*n + 260. List the prime factors of u(-11).
2, 7, 149
Let o be (9/12)/(10/120). Suppose -473 = -3*w + 2*b, -5*b + 646 = o*w - 5*w. List the prime factors of w.
3, 53
Suppose w = 5*q - 11, -2*q - 2*q - 3*w = -24. Suppose 2*k - 3*t - 47 = 6, -q*k - 4*t = -88. List the prime factors of k.
2, 7
Let b(t) be the first derivative of 9*t**4/4 - 2*t**3/3 - 3*t + 14. List the prime factors of b(2).
61
Let g be ((-4)/(-6))/((-2)/(-6)). Suppose -1125 = -5*c + 3*z, z - g*z = -c + 225. List the prime factors of ((-8)/12)/((-2)/c).
3, 5
Let x(n) = n**2 + n - 5. Let t be x(-5). Suppose -3*i + t = -4*c, 4*i - 3*c + c - 30 = 0. Suppose -128 = i*m - 13*m. List the prime factors of m.
2
Suppose -31 + 2 = -h. Let k be 2*((-52)/(-8) + -2). Let z = h - k. What are the prime factors of z?
2, 5
Suppose -2*q - 3*q = 2*b - 53, -2*q = b - 21. Suppose d = -x + 9, 0 = -x + 3*d - q - 0. Let l = 10 + x. List the prime factors of l.
2, 7
Let w = 61 + -16. Let f = -23 + w. What are the prime factors of f?
2, 11
Let a be 12/42 - (-46)/(-14). Let n = a - 24. Let p = -11 - n. List the prime factors of p.
2
Suppose -u = -51 - 28. Let j = -41 + u. List the prime factors of j.
2, 19
Let h(j) = j**2 - 2*j - 27. Let l = 21 + -7. List the prime factors of h(l).
3, 47
Let x(m) = -m - 10. Let p be x(-12). Let w be ((p + -3)*-5)/1. Let a(v) = 13*v - 6. List the prime factors of a(w).
59
Let t = -13 + 16. Suppose -5*q = -t*q + 18. List the prime factors of (q/(-15))/((-1)/(-15)).
3
Suppose 81*y - 102396 = -25*y. List the prime factors of y.
2, 3, 7, 23
Suppose -2*o - k + 1 = -5, 0 = o - 4*k + 6. List the prime factors of 98*(-3 + 4) - (o - 0).
2, 3
Let t(p) = 85*p + 119. What are the prime factors of t(15)?
2, 17, 41
Let i(g) = g**3 + 29*g**2 + 93*g - 30. What are the prime factors of i(-21)?
3, 5, 103
Let p(y) = 1 - 18*y - 3 - 30*y. Let k be p(-2). Suppose 4*d = -2*q + k, -2*d - d + 58 = 4*q. List the prime factors of d.
2, 13
Suppose 7*k - 924 = 1316. List the prime factors of k.
2, 5
Let u(d) = 5*d**2 + d - 1. Let h(n) = -n**3 + 5*n**2 + 14*n + 3. Let i be h(7). Let r be (-2 - -3)/(1/i). List the prime factors of u(r).
47
Suppose 0 = 35*p - 39*p + 688. List the prime factors of p.
2, 43
Let x = -580 + 2605. List the prime factors of x.
3, 5
Let w(h) = -36*h**2 + 9*h**2 + 17*h**2 + h**3 - 8*h - 3*h**3 + 15. What are the prime factors of w(-6)?
3, 5
Let r = 13 - 12. List the prime factors of r/(-5) - (-584)/20.
29
Let a = -57 - -112. Let r be a/6 + 1/(-6). Let l(n) = 3*n - 9. List the prime factors of l(r).
2, 3
Suppose 171 = -5*x + 926. What are the prime factors of x?
151
Let n(s) = -2*s - 23. Let a be n(-15). Suppose -a*u + 4*u = -57. List the prime factors of u.
19
Suppose -11*g + 3*u + 9387 = -8*g, -3*g = 3*u - 9387. What are the prime factors of g?
3, 7, 149
Let s(j) = -j**3 - 8*j**2 + 4*j - 13. Let l be s(-9). Let n = l - 17. List the prime factors of n.
3, 5
Let b be (-3)/(-1)*14/21. Suppose b*c = -4 - 14. List the prime factors of ((-14)/(-12))/(c/(-54)).
7
Suppose 3*f - c - 202 = 0, -65 = -f - 4*c + 2*c. Suppose 73*h - 18 = f*h. List the prime factors of h.
3
Let y(i) = 141*i**2 + 1. Let m = -48 + 47. List the prime factors of y(m).
2, 71
Suppose -6 = -3*m + 6. Suppose -3*s = -4*w - 170, s + 0*s - m*w - 62 = 0. What are the prime factors of s?
2, 3
Let t = 1104 + 1683. What are the prime factors of t?
3, 929
Let n = 132 + -237. Suppose -5*i = -25 - 0. List the prime factors of -1*i*n/25.
3, 7
Let r(p) = 6*p - 19. Let i(y) = -6*y + 6 + 6 - 1 + y**2. Let q be i(5). List the prime factors of r(q).
17
Let z(h) = h**3 - 8*h**2 - 2*h - 9. Let k be z(8). Let y = -3 - 7. List the prime factors of k/y*1*8.
2, 5
Let d be 10 + (2 - (2 - -4)). List the prime factors of (d/4)/(-5*2/(-380)).
3, 19
Suppose 28*j - 25*j + 4*m = 3888, 2*j - 2597 = -m. List the prime factors of j.
2, 5, 13
Let v be -8 + (4 + -12)/2. Let r(s) = -s**3 - 11*s**2 + 4*s. What are the prime factors of r(v)?
2, 3
Let t = 5 - 15. Let v(r) = r**3 + 9*r**2 - 11*r - 6. Let w be v(t). Suppose 29 = -w*b + 113. List the prime factors of b.
3, 7
Suppose 1709 = 3*m - 1441. List the prime factors of m.
2, 3, 5, 7
Let i(h) = 44*h - 3. Suppose -13*q - 4 = -17*q. What are the prime factors of i(q)?
41
Suppose 0 = 15*s - s - 154. Suppose -4*h = s - 691. List the prime factors of h.
2, 5, 17
Suppose -2*a + 4*o + 2 = 0, 0*o = 5*a - 2*o - 29. List the prime factors of -3*(-326)/a - 32/(-112).
2, 5, 7
Suppose 0 = s - 3*u - 2135, -50*u = 5*s - 45*u - 10675. List the prime factors of s.
5, 7, 61
Let l(g) be the first derivative of g**4/4 + 13*g**3/3 - g**2 - 19*g - 15. What are the prime factors of l(-13)?
7
Let q = 19 + 646. What are the prime factors of q?
5, 7, 19
Let g(h) = h**2 + h - 20. Let i be g(-6). Suppose 4*r = i*r - 288. List the prime factors of r.
2, 3
Suppose 3*u - 22 = u. Let v(d) = d**3 + 5*d**2 + 7*d + 4. Let r be v(-4). Let k = u + r. What are the prime factors of k?
3
Suppose 5*y + 14 = 3*u + y, -3*y = -u + 8. Suppose -4*v = 0, 0*c - u*c + 166 = 4*v. Let n = -20 + c. List the prime factors of n.
3, 7
Let f(k) = 78*k**2 - k. Let x be f(-1). Suppose 4*v = v + 294. Suppose 2*n + 4*a - v = -n, 4*n = 5*a + x. List the prime factors of n.
2, 13
Let x be (-1)/5 + 72/10. Suppose -x*v - 172 = -11*v. List the prime factors of v.
43
Suppose 3*t = -r + 5*r - 12, 3*t + 2*r = -30. Let a be (-705)/20 + (-2)/t. List the prime factors of 6/(-15) + (-889)/a.
5
Let d be (-6292)/(-39) + 2/3. Let o = d - 70. What are the prime factors of o?
2, 23
Let q be (-1)/(-1) + (-155)/(-5). Let u = q + -20. Let m = u - -3. What are the prime factors of m?
3, 5
Let r(o) = -2*o**2 - 6*o - 3. Let s be r(-5). Let b = s + 10. Let x(a) = -2*a + 15. What are the prime factors of x(b)?
41
Suppose -i = 1 - 10. Let n be 1*(-11 + 16) + -8. List the prime factors of i*(n + (-48)/(-9)).
3, 7
Suppose -15*a - 987 - 333 = 0. List the prime factors of (9/(-2))/((5 - 1)/a).
3, 11
Suppose 10*w - 948 = 7*w. Suppose 6*r - 2*r = w. What are the prime factors of r?
79
Let t(r) = r - 1. Let u(o) = o**3 - 7*o**2 + 2*o - 10. Let c(m) = 3*t(m) - u(m). Let h = 885 - 878. What are the prime factors of c(h)?
2, 7
Let g be (-9)/6*(-12)/(-9). Let k be (1 - -2)/((-21)/(-49)). Let y = g + k. What are the prime factors of y?
5
Let u be ((-66)/(-5))/((-8)/(-240)). Suppose 2*n + 44 = u. What are the prime factors of n?
2, 11
Suppose -q = -3*a + 5*a - 455, -4*q = 2*a - 1814. What are the prime factors of q?
3, 151
Let r(h) be the first derivative of h**2/2 - 8*h + 7. Let o be r(8). Suppose -5*c - 15 = o, -c - 28 = 4*s - 353. What are the prime factors of s?
2, 41
Let v be 10/(-80) + (-25)/(-8). Suppose v*n - 270 = -9. What are the prime factors of n?
3, 29
Let l(a) = 9*a + 2. Let q be l(-1). Let i = q - -20. Lis